 v = p - 0. Suppose v = 5*f + r - 5, -3*r - 4 = 2*f + 7. What are the prime factors of f?
2
Let d = 1 - 5. Let h = d - -15. List the prime factors of h.
11
Let t = 29 + -23. What are the prime factors of t?
2, 3
Suppose -2*h + 3 + 3 = 0. Suppose 15 = h*j - 9. What are the prime factors of j?
2
Suppose -13*n = -9*n - 164. List the prime factors of n.
41
Let o(m) = -7*m + 1. List the prime factors of o(-5).
2, 3
Let b be (-4)/8*(0 + 0). Let l = b - -2. What are the prime factors of ((2 - 1) + l)*1?
3
Let f = -2 + 11. Suppose p = -0*x + 3*x + 5, -f = -p - x. What are the prime factors of p?
2
Suppose 0*i - 3*i = 0. Suppose 6 + i = 2*w. What are the prime factors of w?
3
Let j(d) = -d**3 + d**2 + 3. Let c be j(0). Suppose -u = -o, -3*o + 12 = c*u - 2*u. List the prime factors of o.
3
Suppose 2*s - 4 + 40 = 0. List the prime factors of ((-30)/s)/(2/12).
2, 5
Suppose 10 = 4*q + a, -2*a - 25 = -5*q + 3*a. Suppose -3*g = -2*i + 83, -q*g - 169 = -0*i - 4*i. What are the prime factors of i?
43
Let l be ((-27)/4)/((-4)/16). Suppose 3*c - l = 15. List the prime factors of c.
2, 7
Suppose 5*h + 122 = 7*h. What are the prime factors of h?
61
Let s = 10 + -8. Suppose 6*h - 3*h = z - 12, z = -s*h + 12. List the prime factors of z.
2, 3
Suppose 2*p + 1044 = 20*p. What are the prime factors of p?
2, 29
Let x(n) = -n**3 - 4*n**2 - 4*n - 1. Let z be x(-3). Suppose -5*c + 15 = 4*s - 1, -3*c = -s - 13. Let a = c - z. List the prime factors of a.
2
Suppose -4*l - 15 = l. Let j(t) = t + 6. List the prime factors of j(l).
3
Let p = 317 + -76. List the prime factors of p.
241
Let z = 32 - 15. List the prime factors of z.
17
Suppose -5*k + 126 = 3*a, 4*a - 67 = 5*k + 101. What are the prime factors of a?
2, 3, 7
Let t(m) = m**3 + 9*m**2 + 5*m + 10. What are the prime factors of t(-5)?
5, 17
Let u be 2*(1 - (-9)/2). Suppose -2*b + 5 = -u. What are the prime factors of b?
2
Let f = 105 - -4. What are the prime factors of f?
109
Let j = -14 - -10. Let g(c) = c + 3 - 2 - 3*c. What are the prime factors of g(j)?
3
Let d be (-72)/20*(0 - 5). Let p(w) = -4*w**3 + 2*w + 1. Let m be p(-1). Suppose 0 = -m*u + u + d. List the prime factors of u.
3
Suppose 31 = 2*y + 1. Let a = 24 - y. List the prime factors of a.
3
Let h be (-2)/(-5) - (-8)/(-20). Let f(m) = 4*m + 2. Let o be f(2). Suppose h*j + o = 5*j. List the prime factors of j.
2
Let t = 11 + -11. Suppose t = 3*s + j + 3*j - 17, s - 5 = -j. What are the prime factors of s?
3
Suppose 6*z = r + 2*z - 120, 5*z + 124 = r. List the prime factors of r.
2, 13
Let i(o) = o**2 + o - 1. Let k be i(0). Let n = 5 + -3. Let m = n - k. List the prime factors of m.
3
Let h(o) = 4*o - 5. Let c be h(4). Suppose -2*m + 35 = 2*u - c, -3*u = 6. Suppose 5 = 5*a - m. What are the prime factors of a?
2, 3
Suppose 275 = 6*w + 11. What are the prime factors of w?
2, 11
Suppose 0 = h - 14 - 15. List the prime factors of h.
29
Let a(v) = -v**3 - 7*v**2 - 10*v - 13. List the prime factors of a(-6).
11
Let r(l) = l**2 - 11*l + 3. Let w be r(11). Suppose w*c - 2*c = 37. List the prime factors of c.
37
List the prime factors of (-48)/84 + 95/7.
13
Let u = -4 + 8. Suppose -u = -3*a + 2. Suppose -b + 3*y - 4*y + a = 0, -8 = 4*y. What are the prime factors of b?
2
Suppose -3*u = -5*j - 0*u + 25, -3*j = 4*u - 44. Let f = j + -6. Suppose f = -i + 4. What are the prime factors of i?
2
List the prime factors of (440/30)/(2/3).
2, 11
Suppose 3*d + 2*d - 390 = 0. What are the prime factors of d?
2, 3, 13
Let d be (-2 - (-2 - -1))*-5. Let w be -2 + (-2)/(-2)*d. Suppose -w*y = -0*y - 30. List the prime factors of y.
2, 5
Suppose 2*g + 6 - 40 = 0. Let y = 33 - g. List the prime factors of y.
2
List the prime factors of (-4 + 172/(-8))/((-6)/16).
2, 17
Let t = -12 + 14. Suppose t*r = -b + 21, -2*r - 2*r = -20. What are the prime factors of b?
11
Let b be -3 - (2/2 - -2). Let f be ((-2)/(-6))/(b/(-108)). Suppose 0 = -2*k + 8 + f. List the prime factors of k.
7
Let k = 179 - -48. Suppose -5*o - 3*w - 52 = -k, -2*o + 5*w = -39. List the prime factors of o.
2
List the prime factors of 92/3*(-9)/(-6).
2, 23
Suppose k + 3*v + 7 + 0 = 0, 19 = 5*k - 3*v. Let h = 1 + k. List the prime factors of ((-2)/(-6))/(h/27).
3
Let t(w) = 2*w**2 + 3*w. What are the prime factors of t(-6)?
2, 3
Let k(t) = 56*t + 15. What are the prime factors of k(4)?
239
Let f(a) = a**3 - 5*a**2 + 5*a - 4. Suppose 0*y = 4*y - 16. Let m be f(y). Suppose m = -4*q - 2 + 38. List the prime factors of q.
3
Suppose 645 = -4*h + 1825. List the prime factors of h.
5, 59
Let p(g) = g**2 - 5*g - 4. Let z be p(6). Suppose 24 - 60 = -z*j. List the prime factors of j.
2, 3
Let n = -4 + 1. Let w = n - -2. List the prime factors of 1/(w/(-11)) - 2.
3
Let y(o) be the second derivative of o**3/2 - 5*o**2/2 - o. Let s = 5 + -1. What are the prime factors of y(s)?
7
Let r(x) = 4*x**3 + 4*x**2 + x - x**3 - 3 - 2*x**3 - 1. Let l be r(-3). Suppose 3*q - q = -5*v - 2, 0 = -l*q + 4*v + 16. List the prime factors of q.
2
Let k(p) = p**2 + 6*p + 5. Let v(o) = o**3 - 8*o**2 + 6*o + 1. Let r be v(7). What are the prime factors of k(r)?
5
Suppose f - 4 + 5 = 0. Let x be 2*-30*f/4. Suppose 0 = 5*o - 50 + x. List the prime factors of o.
7
Let y(b) = 8*b + 2. Let j be y(2). Let g be (24/j)/(2/(-6)). Let w(c) = -c**3 - 3*c**2 - c - 3. What are the prime factors of w(g)?
17
Let u = 12 - 6. Let v be 5/(-3) + u/9. What are the prime factors of 3 + v - 2 - -6?
2, 3
Let z = -332 - -665. List the prime factors of z.
3, 37
Suppose -4*g = -3 - 1. List the prime factors of 11*(2 - g) + 2.
13
Suppose 0 = r - 2*r + 2*z + 11, -5*z = -4*r + 35. What are the prime factors of r?
5
Let k(d) = d**2. Let m(c) = 2*c**2 + 6*c - 2. Let q(j) = 3*k(j) - m(j). Let z be q(6). What are the prime factors of 12/z + (-10)/5?
2
Let r(o) = -o**3 - 4*o**2 - 3*o + 3. Let z be r(-3). Suppose -4*k + 20 = 5*u - 7*k, 2*u + z*k = 8. List the prime factors of u.
2
Let t be -1 - (-1 + 3 - 0). Let d(s) = -2*s**2 - 2*s - 5. Let v(r) = -2*r**2 - 3*r - 4. Let g(x) = 2*d(x) - 3*v(x). List the prime factors of g(t).
5
Suppose 0 = 9*k - 4*k - 305. What are the prime factors of k?
61
Suppose 3*c + 11 - 35 = 0. Let i = c - 4. What are the prime factors of i?
2
Let g = -8 - -11. List the prime factors of -1*(-3)/g*13.
13
Suppose -15 = -4*s + 149. What are the prime factors of s?
41
Let r(u) be the second derivative of -u**5/20 + u**4/6 + u**3/3 + u**2/2 + 2*u. List the prime factors of r(-1).
2
Let a = 30 + 18. List the prime factors of a.
2, 3
Let m = 34 - 25. List the prime factors of m.
3
Let n(d) = -16*d - 9. Let u(i) = -3*i - 2. Let j(t) = -2*n(t) + 11*u(t). Let z be j(0). What are the prime factors of (-45)/3*(z - -3)?
3, 5
Let i(m) = -m**3 - 7*m**2 + 6*m + 7. List the prime factors of i(-8).
23
Let x(i) = -i**3 + 6*i**2 - 6*i + 4. Let h(l) = l**2 - 3*l. Suppose 2*y - s - 6 = -1, -1 = -y + s. Let w be h(y). List the prime factors of x(w).
2, 3
Let h(l) = 9*l - 10. What are the prime factors of h(2)?
2
Let m = -27 - -49. List the prime factors of (1/2)/(1/m).
11
Let u(c) = -c**3 + 5*c**2 + 7*c - 1. Let d be u(6). Suppose 5*j = 0, -j + 5 + 5 = d*q. What are the prime factors of q?
2
Let c = 4 - -16. Suppose -c = -d - 0*d. List the prime factors of d.
2, 5
Let f = 16 - 17. What are the prime factors of -13*3*f + 2?
41
Let k(i) be the first derivative of 3*i**2 + 4/3*i**3 - 1/4*i**4 - 2*i - 3. What are the prime factors of k(5)?
3
Suppose 2*d - 5*d = -15. Suppose -5*b - 3*k = -k, -29 = -2*b + d*k. What are the prime factors of b/6 - (-11)/3?
2
Let o be 1*(-2 - (2 - 1)). Suppose 0 = 2*r - 6, -4*h - 2*r = 2*r - 40. Let k = h + o. What are the prime factors of k?
2
Let o(g) = -g**3 + g + 21. Let r be o(0). Suppose -n - k = -r, 0*n + 4*k - 34 = -2*n. Suppose 0*d = 5*d - n. What are the prime factors of d?
5
Let k(i) = i**2 + i - 2. Let z be k(-3). Let d(j) = -2*j + 3 + 2*j + j. List the prime factors of d(z).
7
Suppose 0*w = o - 3*w - 9, -o - 26 = 4*w. Let a = o + 10. Suppose -3*f - 4*p = -20, a*p + 36 = 4*f - 0*p. List the prime factors of f.
2
Suppose -6*p - 10 = -p. Let u be 0 - -14*(4 + p). Suppose 5*a = 2*i + u - 9, -22 = -4*i - 2*a. What are the prime factors of i?
3
Suppose -4*d = -8 - 4. Suppose -3*w = 2*q + 62, -d*q - 76 = 3*w - 7*w. List the prime factors of q/6*3/(-2).
7
S